{"id":4447,"date":"2025-11-09T17:00:00","date_gmt":"2025-11-09T16:00:00","guid":{"rendered":"https:\/\/www.simplyyoga.ch\/?page_id=4447"},"modified":"2026-01-03T15:55:49","modified_gmt":"2026-01-03T14:55:49","slug":"preise-ab-2026","status":"publish","type":"page","link":"https:\/\/www.simplyyoga.ch\/?page_id=4447","title":{"rendered":"PREISE"},"content":{"rendered":"\n<div class=\"wp-block-group alignfull has-global-padding is-layout-constrained wp-block-group-is-layout-constrained\" style=\"margin-top:0;margin-bottom:0;padding-top:var(--wp--preset--spacing--60);padding-bottom:var(--wp--preset--spacing--60)\">\n<div class=\"wp-block-columns alignwide is-layout-flex wp-container-core-columns-is-layout-e87f2171 wp-block-columns-is-layout-flex\" style=\"margin-top:var(--wp--preset--spacing--70);margin-bottom:0\">\n<div class=\"wp-block-column is-vertically-aligned-bottom has-border-color has-accent-6-border-color has-global-padding is-layout-constrained wp-container-core-column-is-layout-52009084 wp-block-column-is-layout-constrained\" style=\"border-width:1px;border-radius:10px;padding-top:var(--wp--preset--spacing--40);padding-right:var(--wp--preset--spacing--40);padding-bottom:var(--wp--preset--spacing--40);padding-left:var(--wp--preset--spacing--40)\">\n<div class=\"wp-block-columns alignfull are-vertically-aligned-center is-not-stacked-on-mobile is-layout-flex wp-container-core-columns-is-layout-81213e5a wp-block-columns-is-layout-flex\" style=\"margin-top:0;margin-bottom:0\">\n<div class=\"wp-block-column is-vertically-aligned-center is-layout-flow wp-block-column-is-layout-flow\" style=\"flex-basis:70%\">\n<h2 class=\"wp-block-heading has-text-align-center has-large-font-size\" style=\"margin-bottom:var(--wp--preset--spacing--20)\">      Probestunde<\/h2>\n\n\n\n<ul class=\"wp-block-list has-small-font-size\">\n<li class=\"has-medium-font-size\">EInmal pro Person: Hatha Yoga oder Soft Yoga<\/li>\n\n\n\n<li class=\"has-accent-3-color has-text-color has-link-color has-medium-font-size wp-elements-702549d92baf162d227ea1efdedd4bef\">Anmeldung obligatorisch<br \/><br \/><\/li>\n<\/ul>\n<\/div>\n<\/div>\n\n\n\n<div class=\"wp-block-buttons is-content-justification-center is-layout-flex wp-container-core-buttons-is-layout-723ca6df wp-block-buttons-is-layout-flex\" style=\"margin-top:var(--wp--preset--spacing--30)\">\n<div class=\"wp-block-button has-custom-width wp-block-button__width-100 is-style-outline is-style-outline--1\"><a class=\"wp-block-button__link has-accent-1-color has-text-color has-link-color has-large-font-size has-custom-font-size wp-element-button\" href=\"https:\/\/www.simplyyoga.ch\/?page_id=4123\" style=\"letter-spacing:0.08px;line-height:1.2\"><strong>CHF 20.-<\/strong><\/a><\/div>\n<\/div>\n<\/div>\n\n\n\n<div class=\"wp-block-column is-vertically-aligned-bottom has-border-color has-accent-6-border-color has-global-padding is-content-justification-center is-layout-constrained wp-container-core-column-is-layout-860428b2 wp-block-column-is-layout-constrained\" style=\"border-width:1px;border-radius:10px;padding-top:var(--wp--preset--spacing--40);padding-right:var(--wp--preset--spacing--40);padding-bottom:var(--wp--preset--spacing--40);padding-left:var(--wp--preset--spacing--40)\">\n<div class=\"wp-block-columns alignfull are-vertically-aligned-top is-not-stacked-on-mobile is-layout-flex wp-container-core-columns-is-layout-81213e5a wp-block-columns-is-layout-flex\" style=\"margin-top:0;margin-bottom:0\">\n<div class=\"wp-block-column is-vertically-aligned-top is-layout-flow wp-block-column-is-layout-flow\" style=\"flex-basis:70%\">\n<h2 class=\"wp-block-heading has-text-align-center has-large-font-size\" style=\"margin-bottom:var(--wp--preset--spacing--20)\">Einzelne Stunde<\/h2>\n\n\n\n<ul class=\"wp-block-list has-small-font-size\">\n<li class=\"has-medium-font-size\">Eine Stunde (70 min.) in den laufenden Kursen.<\/li>\n\n\n\n<li class=\"has-medium-font-size\">g\u00fcltig f\u00fcr Hatha Yoga und Soft Yoga<\/li>\n<\/ul>\n<\/div>\n<\/div>\n\n\n\n<div class=\"wp-block-buttons is-content-justification-center is-layout-flex wp-container-core-buttons-is-layout-723ca6df wp-block-buttons-is-layout-flex\" style=\"margin-top:var(--wp--preset--spacing--30)\">\n<div class=\"wp-block-button has-custom-width wp-block-button__width-100 is-style-outline is-style-outline--2\"><a class=\"wp-block-button__link has-accent-1-color has-text-color has-link-color has-large-font-size has-custom-font-size wp-element-button\" href=\"https:\/\/www.simplyyoga.ch\/?page_id=4123\" style=\"letter-spacing:0.08px;line-height:1.2\"><strong>CHF 30.-<\/strong><\/a><\/div>\n<\/div>\n<\/div>\n\n\n\n<div class=\"wp-block-column is-vertically-aligned-bottom has-border-color has-accent-6-border-color has-global-padding is-content-justification-center is-layout-constrained wp-container-core-column-is-layout-860428b2 wp-block-column-is-layout-constrained\" style=\"border-width:1px;border-radius:10px;padding-top:var(--wp--preset--spacing--40);padding-right:var(--wp--preset--spacing--40);padding-bottom:var(--wp--preset--spacing--40);padding-left:var(--wp--preset--spacing--40)\">\n<div class=\"wp-block-columns alignfull are-vertically-aligned-top is-not-stacked-on-mobile is-layout-flex wp-container-core-columns-is-layout-81213e5a wp-block-columns-is-layout-flex\" style=\"margin-top:0;margin-bottom:0\">\n<div class=\"wp-block-column is-vertically-aligned-top is-layout-flow wp-block-column-is-layout-flow\" style=\"flex-basis:70%\">\n<h2 class=\"wp-block-heading has-text-align-center has-large-font-size\" style=\"margin-bottom:var(--wp--preset--spacing--20)\">Yoga Nidra<\/h2>\n\n\n\n<ul class=\"wp-block-list has-small-font-size\">\n<li class=\"has-medium-font-size\">Eine Stunde (60 min.) Yoga Nidra<\/li>\n\n\n\n<li class=\"has-medium-font-size\">g\u00fcltig f\u00fcr Yoga Nidra<\/li>\n\n\n\n<li class=\"has-accent-3-color has-text-color has-medium-font-size\">Anmeldung obligatorisch<\/li>\n<\/ul>\n<\/div>\n<\/div>\n\n\n\n<div class=\"wp-block-buttons is-content-justification-center is-layout-flex wp-container-core-buttons-is-layout-723ca6df wp-block-buttons-is-layout-flex\" style=\"margin-top:var(--wp--preset--spacing--30)\">\n<div class=\"wp-block-button has-custom-width wp-block-button__width-100 is-style-outline is-style-outline--3\"><a class=\"wp-block-button__link has-accent-1-color has-text-color has-link-color has-large-font-size has-custom-font-size wp-element-button\" href=\"https:\/\/www.simplyyoga.ch\/?page_id=4123\" style=\"letter-spacing:0.08px;line-height:1.2\"><strong>CHF 25.-<\/strong><\/a><\/div>\n<\/div>\n<\/div>\n<\/div>\n\n\n\n<div class=\"wp-block-columns alignwide is-layout-flex wp-container-core-columns-is-layout-e87f2171 wp-block-columns-is-layout-flex\" style=\"margin-top:var(--wp--preset--spacing--70);margin-bottom:0\">\n<div class=\"wp-block-column is-vertically-aligned-bottom has-border-color has-accent-6-border-color has-global-padding is-content-justification-center is-layout-constrained wp-container-core-column-is-layout-860428b2 wp-block-column-is-layout-constrained\" style=\"border-width:1px;border-radius:10px;padding-top:var(--wp--preset--spacing--40);padding-right:var(--wp--preset--spacing--40);padding-bottom:var(--wp--preset--spacing--40);padding-left:var(--wp--preset--spacing--40)\">\n<div class=\"wp-block-columns alignfull are-vertically-aligned-center is-not-stacked-on-mobile is-layout-flex wp-container-core-columns-is-layout-81213e5a wp-block-columns-is-layout-flex\" style=\"margin-top:0;margin-bottom:0\">\n<div class=\"wp-block-column is-vertically-aligned-center is-layout-flow wp-block-column-is-layout-flow\" style=\"flex-basis:70%\">\n<h2 class=\"wp-block-heading has-text-align-center has-large-font-size\" style=\"margin-bottom:var(--wp--preset--spacing--20)\">     12 er Abo<\/h2>\n\n\n\n<ul class=\"wp-block-list has-small-font-size\">\n<li class=\"has-medium-font-size\">12 Yogastunden<\/li>\n\n\n\n<li class=\"has-medium-font-size\">4 Monate Laufzeit<\/li>\n\n\n\n<li class=\"has-contrast-color has-text-color has-medium-font-size\">g\u00fcltig f\u00fcr Hatha Yoga, Soft Yoga und Yoga Nidra<\/li>\n\n\n\n<li class=\"has-medium-font-size\">die Laufzeit beginnt mit dem ersten Kurs<\/li>\n<\/ul>\n<\/div>\n<\/div>\n\n\n\n<div class=\"wp-block-buttons is-content-justification-center is-layout-flex wp-container-core-buttons-is-layout-723ca6df wp-block-buttons-is-layout-flex\" style=\"margin-top:var(--wp--preset--spacing--30)\">\n<div class=\"wp-block-button has-custom-width wp-block-button__width-100 is-style-outline is-style-outline--4\"><a class=\"wp-block-button__link has-accent-1-color has-text-color has-link-color has-large-font-size has-custom-font-size wp-element-button\" href=\"https:\/\/www.simplyyoga.ch\/?page_id=4123\" style=\"letter-spacing:0.08px;line-height:1.2\"><strong>CHF 300.-<\/strong><\/a><\/div>\n<\/div>\n<\/div>\n\n\n\n<div class=\"wp-block-column is-vertically-aligned-bottom has-border-color has-accent-6-border-color has-global-padding is-content-justification-center is-layout-constrained wp-container-core-column-is-layout-860428b2 wp-block-column-is-layout-constrained\" style=\"border-width:1px;border-radius:10px;padding-top:var(--wp--preset--spacing--40);padding-right:var(--wp--preset--spacing--40);padding-bottom:var(--wp--preset--spacing--40);padding-left:var(--wp--preset--spacing--40)\">\n<div class=\"wp-block-columns alignfull are-vertically-aligned-top is-not-stacked-on-mobile is-layout-flex wp-container-core-columns-is-layout-81213e5a wp-block-columns-is-layout-flex\" style=\"margin-top:0;margin-bottom:0\">\n<div class=\"wp-block-column is-vertically-aligned-top is-layout-flow wp-block-column-is-layout-flow\" style=\"flex-basis:70%\">\n<h2 class=\"wp-block-heading has-text-align-center has-large-font-size\" style=\"margin-bottom:var(--wp--preset--spacing--20)\">24 er Abo<\/h2>\n\n\n\n<ul class=\"wp-block-list has-small-font-size\">\n<li class=\"has-medium-font-size\">24 Yogastunden<\/li>\n\n\n\n<li class=\"has-medium-font-size\">4 Monate Laufzeit<\/li>\n\n\n\n<li class=\"has-contrast-color has-text-color has-medium-font-size\">g\u00fcltig f\u00fcr Hatha Yoga, Soft Yoga und Yoga Nidra<\/li>\n\n\n\n<li class=\"has-medium-font-size\">die Laufzeit beginnt mit dem ersten Kurs<\/li>\n<\/ul>\n<\/div>\n<\/div>\n\n\n\n<div class=\"wp-block-buttons is-content-justification-center is-layout-flex wp-container-core-buttons-is-layout-723ca6df wp-block-buttons-is-layout-flex\" style=\"margin-top:var(--wp--preset--spacing--30)\">\n<div class=\"wp-block-button has-custom-width wp-block-button__width-100 is-style-outline is-style-outline--5\"><a class=\"wp-block-button__link has-accent-1-color has-text-color has-link-color has-large-font-size has-custom-font-size wp-element-button\" href=\"https:\/\/www.simplyyoga.ch\/?page_id=4123\" style=\"letter-spacing:0.08px;line-height:1.2\"><strong>CHF 450.-<\/strong><\/a><\/div>\n<\/div>\n<\/div>\n\n\n\n<div class=\"wp-block-column is-vertically-aligned-bottom has-border-color has-accent-6-border-color has-global-padding is-content-justification-center is-layout-constrained wp-container-core-column-is-layout-860428b2 wp-block-column-is-layout-constrained\" style=\"border-width:1px;border-radius:10px;padding-top:var(--wp--preset--spacing--40);padding-right:var(--wp--preset--spacing--40);padding-bottom:var(--wp--preset--spacing--40);padding-left:var(--wp--preset--spacing--40)\">\n<div class=\"wp-block-columns alignfull are-vertically-aligned-top is-not-stacked-on-mobile is-layout-flex wp-container-core-columns-is-layout-81213e5a wp-block-columns-is-layout-flex\" style=\"margin-top:0;margin-bottom:0\">\n<div class=\"wp-block-column is-vertically-aligned-top is-layout-flow wp-block-column-is-layout-flow\" style=\"flex-basis:70%\">\n<h2 class=\"wp-block-heading has-text-align-center has-large-font-size\" style=\"margin-bottom:var(--wp--preset--spacing--20)\">6 Monate 1x<\/h2>\n\n\n\n<ul class=\"wp-block-list has-small-font-size\">\n<li class=\"has-medium-font-size\">1 Kurs pro Woche<\/li>\n\n\n\n<li class=\"has-medium-font-size\">6 Monate Laufzeit<\/li>\n\n\n\n<li class=\"has-contrast-color has-text-color has-medium-font-size\">g\u00fcltig f\u00fcr Hatha Yoga, Soft Yoga und Yoga Nidra<\/li>\n\n\n\n<li class=\"has-contrast-color has-text-color has-medium-font-size\">die Laufzeit beginnt mit dem ersten Kurs<\/li>\n<\/ul>\n<\/div>\n<\/div>\n\n\n\n<div class=\"wp-block-buttons is-content-justification-center is-layout-flex wp-container-core-buttons-is-layout-723ca6df wp-block-buttons-is-layout-flex\" style=\"margin-top:var(--wp--preset--spacing--30)\">\n<div class=\"wp-block-button has-custom-width wp-block-button__width-100 is-style-outline is-style-outline--6\"><a class=\"wp-block-button__link has-accent-1-color has-text-color has-link-color has-large-font-size has-custom-font-size wp-element-button\" href=\"https:\/\/www.simplyyoga.ch\/?page_id=4123\" style=\"letter-spacing:0.08px;line-height:1.2\"><strong>CHF 570.-<\/strong><\/a><\/div>\n<\/div>\n<\/div>\n<\/div>\n\n\n\n<div class=\"wp-block-columns alignwide is-layout-flex wp-container-core-columns-is-layout-e87f2171 wp-block-columns-is-layout-flex\" style=\"margin-top:var(--wp--preset--spacing--70);margin-bottom:0\">\n<div class=\"wp-block-column is-vertically-aligned-bottom has-border-color has-accent-6-border-color has-global-padding is-content-justification-center is-layout-constrained wp-container-core-column-is-layout-860428b2 wp-block-column-is-layout-constrained\" style=\"border-width:1px;border-radius:10px;padding-top:var(--wp--preset--spacing--40);padding-right:var(--wp--preset--spacing--40);padding-bottom:var(--wp--preset--spacing--40);padding-left:var(--wp--preset--spacing--40)\">\n<div class=\"wp-block-columns alignfull are-vertically-aligned-center is-not-stacked-on-mobile is-layout-flex wp-container-core-columns-is-layout-81213e5a wp-block-columns-is-layout-flex\" style=\"margin-top:0;margin-bottom:0\">\n<div class=\"wp-block-column is-vertically-aligned-center is-layout-flow wp-block-column-is-layout-flow\" style=\"flex-basis:70%\">\n<h2 class=\"wp-block-heading has-text-align-center has-large-font-size\" style=\"margin-bottom:var(--wp--preset--spacing--20)\">6 Monate 2x<\/h2>\n\n\n\n<ul class=\"wp-block-list has-small-font-size\">\n<li class=\"has-medium-font-size\">2 Kurse pro Woche<\/li>\n\n\n\n<li class=\"has-medium-font-size\">6 Monate Laufzeit<\/li>\n\n\n\n<li class=\"has-contrast-color has-text-color has-medium-font-size\">g\u00fcltig f\u00fcr Hatha Yoga, Soft Yoga und Yoga Nidra<\/li>\n\n\n\n<li class=\"has-contrast-color has-text-color has-medium-font-size\">die Laufzeit beginnt mit dem ersten Kurs<\/li>\n<\/ul>\n<\/div>\n<\/div>\n\n\n\n<div class=\"wp-block-buttons is-content-justification-center is-layout-flex wp-container-core-buttons-is-layout-723ca6df wp-block-buttons-is-layout-flex\" style=\"margin-top:var(--wp--preset--spacing--30)\">\n<div class=\"wp-block-button has-custom-width wp-block-button__width-100 is-style-outline is-style-outline--7\"><a class=\"wp-block-button__link has-accent-1-color has-text-color has-link-color has-large-font-size has-custom-font-size wp-element-button\" href=\"https:\/\/www.simplyyoga.ch\/?page_id=4123\" style=\"letter-spacing:0.08px;line-height:1.2\"><strong>CHF 840.-<\/strong><\/a><\/div>\n<\/div>\n<\/div>\n\n\n\n<div class=\"wp-block-column is-vertically-aligned-bottom has-border-color has-accent-6-border-color has-global-padding is-content-justification-center is-layout-constrained wp-container-core-column-is-layout-860428b2 wp-block-column-is-layout-constrained\" style=\"border-width:1px;border-radius:10px;padding-top:var(--wp--preset--spacing--40);padding-right:var(--wp--preset--spacing--40);padding-bottom:var(--wp--preset--spacing--40);padding-left:var(--wp--preset--spacing--40)\">\n<div class=\"wp-block-columns alignfull are-vertically-aligned-top is-not-stacked-on-mobile is-layout-flex wp-container-core-columns-is-layout-81213e5a wp-block-columns-is-layout-flex\" style=\"margin-top:0;margin-bottom:0\">\n<div class=\"wp-block-column is-vertically-aligned-top is-layout-flow wp-block-column-is-layout-flow\" style=\"flex-basis:70%\">\n<h2 class=\"wp-block-heading has-text-align-center has-large-font-size\" style=\"margin-bottom:var(--wp--preset--spacing--20)\">12 Monate 1x<\/h2>\n\n\n\n<ul class=\"wp-block-list has-small-font-size\">\n<li class=\"has-medium-font-size\">1 Kurs pro Woche<\/li>\n\n\n\n<li class=\"has-medium-font-size\">12  Monate Laufzeit<\/li>\n\n\n\n<li class=\"has-contrast-color has-text-color has-medium-font-size\">g\u00fcltig f\u00fcr Hatha Yoga, Soft Yoga und Yoga Nidra<\/li>\n\n\n\n<li class=\"has-contrast-color has-text-color has-medium-font-size\">die Laufzeit beginnt mit dem ersten Kurs<\/li>\n<\/ul>\n<\/div>\n<\/div>\n\n\n\n<div class=\"wp-block-buttons is-content-justification-center is-layout-flex wp-container-core-buttons-is-layout-723ca6df wp-block-buttons-is-layout-flex\" style=\"margin-top:var(--wp--preset--spacing--30)\">\n<div class=\"wp-block-button has-custom-width wp-block-button__width-100 is-style-outline is-style-outline--8\"><a class=\"wp-block-button__link has-accent-1-color has-text-color has-link-color has-large-font-size has-custom-font-size wp-element-button\" href=\"https:\/\/www.simplyyoga.ch\/?page_id=4123\" style=\"letter-spacing:0.08px;line-height:1.2\"><strong>CHF 1&#8217;000.-<\/strong><\/a><\/div>\n<\/div>\n<\/div>\n\n\n\n<div class=\"wp-block-column is-vertically-aligned-bottom has-border-color has-accent-6-border-color has-global-padding is-content-justification-center is-layout-constrained wp-container-core-column-is-layout-860428b2 wp-block-column-is-layout-constrained\" style=\"border-width:1px;border-radius:10px;padding-top:var(--wp--preset--spacing--40);padding-right:var(--wp--preset--spacing--40);padding-bottom:var(--wp--preset--spacing--40);padding-left:var(--wp--preset--spacing--40)\">\n<div class=\"wp-block-columns alignfull are-vertically-aligned-top is-not-stacked-on-mobile is-layout-flex wp-container-core-columns-is-layout-81213e5a wp-block-columns-is-layout-flex\" style=\"margin-top:0;margin-bottom:0\">\n<div class=\"wp-block-column is-vertically-aligned-top is-layout-flow wp-block-column-is-layout-flow\" style=\"flex-basis:70%\">\n<h2 class=\"wp-block-heading has-text-align-center has-large-font-size\" style=\"margin-bottom:var(--wp--preset--spacing--20)\">12 Monate 2x<\/h2>\n\n\n\n<ul class=\"wp-block-list has-small-font-size\">\n<li class=\"has-medium-font-size\">2 Kurse pro Woche<\/li>\n\n\n\n<li class=\"has-medium-font-size\">12 Monate Laufzeit<\/li>\n\n\n\n<li class=\"has-contrast-color has-text-color has-medium-font-size\">g\u00fcltig f\u00fcr Hatha Yoga, Soft Yoga und Yoga Nidra<\/li>\n\n\n\n<li class=\"has-contrast-color has-text-color has-medium-font-size\">die Laufzeit beginnt mit dem ersten Kurs<\/li>\n<\/ul>\n<\/div>\n<\/div>\n\n\n\n<div class=\"wp-block-buttons is-content-justification-center is-layout-flex wp-container-core-buttons-is-layout-723ca6df wp-block-buttons-is-layout-flex\" style=\"margin-top:var(--wp--preset--spacing--30)\">\n<div class=\"wp-block-button has-custom-width wp-block-button__width-100 is-style-outline is-style-outline--9\"><a class=\"wp-block-button__link has-accent-1-color has-text-color has-link-color has-large-font-size has-custom-font-size wp-element-button\" href=\"https:\/\/www.simplyyoga.ch\/?page_id=4123\" style=\"letter-spacing:0.08px;line-height:1.2\"><strong>CHF 1&#8217;500.-<\/strong><\/a><\/div>\n<\/div>\n<\/div>\n<\/div>\n\n\n\n<p>Bei allen Abos musst du dich nicht auf einen bestimmten Kurstag festlegen. Du kommst einfach dann, wenn du Zeit und Lust hast.<\/p>\n\n\n\n<h3 class=\"wp-block-heading\"><a href=\"https:\/\/www.simplyyoga.ch\/?page_id=4123\" data-type=\"page\" data-id=\"4123\">ZAHLUNG<\/a><\/h3>\n\n\n\n<h3 class=\"wp-block-heading\"><a href=\"https:\/\/www.simplyyoga.ch\/?page_id=120\" data-type=\"page\" data-id=\"120\">AGB<\/a><\/h3>\n\n\n\n<h3 class=\"wp-block-heading\">FAMILIENRABATT<\/h3>\n\n\n\n<p>Wenn mehrer Personen aus dem gleichen Haushalt (Kinder, Partner, Mitbewohner) ein Abo kaufen, erh\u00e4lt jede Person 10% Erm\u00e4ssigung.<\/p>\n\n\n\n<h3 class=\"wp-block-heading\">SCH\u00dcLER\/INNEN, AUSZUBILDENDE UND STUDIERENDE<\/h3>\n\n\n\n<p>10 % Erm\u00e4ssigung auf die Abos gegen Vorweisen eines entsprechenden Ausweises.<\/p>\n\n\n\n<h3 class=\"wp-block-heading\">AHV\/IV\/ALV-BEZ\u00dcGER\/INNEN<\/h3>\n\n\n\n<p>10 % Erm\u00e4ssigung auf die Abos gegen Vorweisen eines entsprechenden Ausweises.<\/p>\n\n\n\n<h3 class=\"wp-block-heading\">KRANKENKASSE<\/h3>\n\n\n\n<p>simply yoga ist nicht krankenkassenanerkannt. <br \/>Es gibt jedoch einige Kassen, die mit einer Zusatzversicherung trotzdem einen Teil meiner Kurse \u00fcbernehmen (z.B. Swica). Frag am besten direkt bei deiner Kasse nach. Die Best\u00e4tigung daf\u00fcr stelle ich dir im Studio gerne aus.<br \/><\/p>\n<\/div>\n","protected":false},"excerpt":{"rendered":"<p>Probestunde Einzelne Stunde Yoga Nidra 12 er Abo 24 er Abo 6 Monate 1x 6 Monate 2x 12 Monate 1x 12 Monate 2x Bei allen Abos musst du dich nicht auf einen bestimmten Kurstag festlegen. Du kommst einfach dann, wenn du Zeit und Lust hast. ZAHLUNG AGB FAMILIENRABATT Wenn mehrer Personen aus dem gleichen Haushalt [&hellip;]<\/p>\n","protected":false},"author":1,"featured_media":0,"parent":0,"menu_order":0,"comment_status":"closed","ping_status":"closed","template":"","meta":{"footnotes":""},"class_list":["post-4447","page","type-page","status-publish","hentry"],"_links":{"self":[{"href":"https:\/\/www.simplyyoga.ch\/index.php?rest_route=\/wp\/v2\/pages\/4447","targetHints":{"allow":["GET"]}}],"collection":[{"href":"https:\/\/www.simplyyoga.ch\/index.php?rest_route=\/wp\/v2\/pages"}],"about":[{"href":"https:\/\/www.simplyyoga.ch\/index.php?rest_route=\/wp\/v2\/types\/page"}],"author":[{"embeddable":true,"href":"https:\/\/www.simplyyoga.ch\/index.php?rest_route=\/wp\/v2\/users\/1"}],"replies":[{"embeddable":true,"href":"https:\/\/www.simplyyoga.ch\/index.php?rest_route=%2Fwp%2Fv2%2Fcomments&post=4447"}],"version-history":[{"count":16,"href":"https:\/\/www.simplyyoga.ch\/index.php?rest_route=\/wp\/v2\/pages\/4447\/revisions"}],"predecessor-version":[{"id":4620,"href":"https:\/\/www.simplyyoga.ch\/index.php?rest_route=\/wp\/v2\/pages\/4447\/revisions\/4620"}],"wp:attachment":[{"href":"https:\/\/www.simplyyoga.ch\/index.php?rest_route=%2Fwp%2Fv2%2Fmedia&parent=4447"}],"curies":[{"name":"wp","href":"https:\/\/api.w.org\/{rel}","templated":true}]}}